71. Let n(d) = -i(d) - 4*j(d). Let r be 11/4 - (-4)/16. Suppose -5*o = 2*a + 3, 0 = -r*a + 4*a + 4*o. Determine n(a).
5
Let w(l) = 2*l**3 + 38*l**2 - 63*l - 135. Let r(z) = -z**3 - 18*z**2 + 30*z + 68. Let a(f) = -9*r(f) - 4*w(f). What is a(-11)?
5
Let c(z) = -9*z**3 - z**2 - z - 1. Let v be 16/6*75/10. Suppose 11*f - v*f = 9. Give c(f).
8
Let m(r) = -3*r**2 + 4. Let y = -19 - -62. Let w = -45 + y. Let l be m(w). Let x(h) = h**2 + 10*h + 12. Give x(l).
-4
Let a be (1/(-2))/(-3*(-3)/(-126)). Let c(m) = -4*m - a*m - 2*m + 12*m + 13. Give c(4).
9
Suppose 4*o + w + 69 = 0, -4*o + 4*w = -5*o - 21. Let r(j) = 2*j**2 + 32*j + 4. Calculate r(o).
38
Suppose 4*p - 19 = -39. Let c(m) = 4*m**3 - 4*m**2 - 17*m - 19. Let z(s) = s**3 + 2*s**2 - s. Let k(l) = p*z(l) + c(l). What is k(-13)?
-32
Let f(z) be the third derivative of z**6/120 - z**5/10 + 7*z**4/24 + z**3/2 - 3*z**2 + 138. What is f(4)?
-1
Let n = 162 + -153. Suppose -10*v - 11 = n. Let r(k) = k**2 - k - 1. Let p(o) = 2*o**3 + o. Let a(i) = -p(i) - 2*r(i). Calculate a(v).
8
Let t(r) = r**2 + r - 1. Let s(y) be the second derivative of y**4/12 + y**3 + 109*y. Let a(k) = -s(k) + 2*t(k). Give a(4).
-2
Let g(f) = f**3 - 4. Let c(q) = -q**3 + 14*q**2 - 4*q - 87. Let w be c(13). Suppose -w*m + 31*m = -5*l + 3, -6 = -2*m. Determine g(l).
-4
Let k be 1/(-1) + (-5 - -16 - 8). Let d(p) = -p**3 + 4*p**2 - 5*p + 3. Calculate d(k).
1
Let u be 3 - ((-208)/36 - (-2)/(-9)). Suppose 5*g = u*g - 168. Let z = g + -35. Let r(s) = -s**3 + 7*s**2 - 8. Determine r(z).
-8
Suppose 6*d - 194 = -176. Let n(b) = d*b**2 + 2*b**2 + 0*b**2 + 0*b**2 + 4*b**2. Give n(-1).
9
Let x = 24 - 27. Let j(k) be the third derivative of -k**5/30 - k**4/24 - k**3/6 - 2*k**2 + 1746. Determine j(x).
-16
Let m = 38 - 26. Suppose 4*q + 56 = m*q. Let v(l) be the second derivative of -l**4/12 + 5*l**3/3 + 7*l**2/2 + 28*l. What is v(q)?
28
Let k be 3/(2 - 3 - -2). Let r = -675 + 683. Let d(l) = -6*l - 8*l**3 + r*l**2 - 12*l**k - 7*l**3 - 1 + 26*l**3. Determine d(7).
6
Let p(j) = -10*j**2 + 10*j**2 + 6615*j + 5*j**2 + 20*j**2 - 6614*j. What is p(2)?
102
Let f(a) = a**2 + a + 3. Let s(p) = 3*p**2 + 3*p + 6. Let c(v) = 5*f(v) - 2*s(v). Let h be (-6*(-37)/(-888))/(1/(4*4)). Give c(h).
-9
Let x(b) = 5*b - 1. Let o(z) = -z**3 - z**2 + z - 1. Let p be o(0). Calculate x(p).
-6
Let t(u) = -u**3 + u**2 - 2*u + 12. Let j(v) = -8*v**3 - 41*v**2 + 11*v + 52. Let k(w) = -j(w) + 6*t(w). Determine k(-24).
-4
Let x(k) = k**2 + 143*k + 4766. Let m be x(-53). Let c(f) be the first derivative of 2*f**3/3 + 5*f**2/2 - f - 2. Give c(m).
11
Let w(k) be the second derivative of 7/2*k**2 + 1/12*k**4 + 18 + 2*k - 5/3*k**3. Give w(10).
7
Let d be 4 + 42/(-20)*2 - (-28)/(-10). Let n(s) = s**2 + 6*s - 4. Calculate n(d).
-13
Let n(x) = x**2 - 11*x + 10. Suppose -5*l = 4*y - 899, 4*l + 2*y - 258 = 466. Let s = l + -173. Calculate n(s).
0
Suppose 0 = -d + 5*m - 13, -23*d - 2*m + 22 = -22*d. Let n(x) = -8*x + 95. Calculate n(d).
-1
Let a(x) = x**2 + 32*x - 338. Let z be a(-40). Let g be 1/(1/(14*-1)). Let l be g/(-63) + 4/z. Let w(i) = -i**3 - i**2 - i + 5. Calculate w(l).
5
Let p(f) = -f - 63 - 82 - 5*f - 85 + 187. What is p(-8)?
5
Suppose -2*q = c + 21, -c + 3*c - 4*q = -2. Let y(b) = -b**2 - 7*b + 43. Determine y(c).
-1
Let f(r) = 1292*r**3 + 1333*r**3 + 22*r**2 - 7 - 2627*r**3 + 2*r. Calculate f(11).
15
Let q = -9916 - -9909. Let x(r) = -4*r**2 - 27*r + 5. Give x(q).
-2
Let j be 6 - (-4 + 8) - 10. Let i be 14*(-4)/j*1. Let a(s) be the third derivative of s**6/120 - s**5/10 - 7*s**4/24 + s**3/2 - 2*s**2. Calculate a(i).
3
Let m(t) = -83*t + 42*t - 2 + 42*t. Suppose 3*b - 1312 = -1318. Determine m(b).
-4
Let m(c) = -c**3 + 17*c + 4. Suppose -129*p - 506 = 10. What is m(p)?
0
Let m(c) = -11*c + 1. Suppose -5*i - 462 = 3*y, -5*y + i - 124 = 646. Let w = y + 153. Give m(w).
12
Let v(j) = -5015*j**2 + j**3 + 10040*j**2 - 5019*j**2 - 2*j - 5. Let d = -15 + 9. What is v(d)?
7
Let p(i) = 2*i**3 - i**2 - 5*i + 3. Let j = 152 - 148. Suppose -4*n + j = -2*n. Determine p(n).
5
Let d(l) be the second derivative of -l**6/120 + 4*l**5/15 - l**4/24 + 7*l**3/6 + 45*l**2/2 - 12*l. Let z(o) be the first derivative of d(o). Give z(16).
-9
Let k(b) = b**3 - 11*b**2 - 14*b + 29. Let l be 11 + (15 - (-224)/(-16)). Give k(l).
5
Let z(y) be the first derivative of y**4/2 + y**3/3 + y**2/2 - 3*y - 33. Let m(g) be the first derivative of z(g). What is m(-1)?
5
Let g(c) be the first derivative of c**4/4 - 7*c**3/3 - 5*c**2 + 20*c + 1591. Calculate g(8).
4
Let x(a) = a - 25. Suppose -3*k + 47 = h, 3*h + 11 = -k + 8*h. What is x(k)?
-11
Suppose 1224 = 174*i + 6. Let w(x) = -16 + 0*x + x + x. Determine w(i).
-2
Let c(f) = -1099*f - 23080. Let w be c(-21). Let a(r) be the first derivative of -5*r**2 - 2*r - 2. Calculate a(w).
8
Let n be (-1 + (4 + 2)/3)*3. Let k(m) = m**2 + 0*m**3 + 3 + 14 + m**n - 14. Let o(d) = -d**2 + 11*d. Let r be o(11). Calculate k(r).
3
Let s(q) = 2*q - 1. Let w = 29 + -31. Let y be (1 - 0)/(w/42) - 3. Let a be y/((-6)/2) - 4. Calculate s(a).
7
Let z = 17 + -17. Suppose -2*b = 4*g - 34, 4*g - 51 + 10 = 5*b. Suppose -g*a + a = -z*a. Let j(f) = f**3 + f + 5. Give j(a).
5
Suppose -3*u = -u. Let c(o) = 118 + o**2 - 38 - 51 - o**3 - o - 37. What is c(u)?
-8
Let z(x) = -x**3 + 26*x**2 - 52*x + 59. Let n(s) = 24*s**2 + 1565*s + 1565. Let d be n(-1). Calculate z(d).
-37
Suppose -100*h = 48*h. Let x(v) = 5*v**2 + 3. Let k(y) = -y**2 - 3*y + 6. Let a be k(-5). Let g(o) = -6*o**2 - 2. Let l(m) = a*g(m) - 5*x(m). Calculate l(h).
-7
Let w be ((-5)/((-10)/6))/(-1). Suppose -4*k - 2 = 2*h - 2*k, 3*h - 5*k = 21. Let s(z) = -z**h - 331 + 0*z + 327 - 2*z - z. What is s(w)?
-4
Let x(g) = 2*g**3 + 4*g**2 - 34*g - 1. Let r(k) = -3*k**3 - 3*k**2 + 25*k + 1. Let l(a) = -4*r(a) - 3*x(a). Let p = 0 + 1. Determine l(p).
7
Let g be (-7)/98*4 - (-4)/14. Let w(y) = y + 11. What is w(g)?
11
Suppose 4 = n - 21. Let t(m) = m**3 - 26*m**2 + 25*m + 2. Calculate t(n).
2
Suppose 1 = -4*b + 2*x - x, -12 = 4*x. Let i = -1 + b. Let q(j) be the third derivative of j**6/120 + j**5/20 + j**4/8 + j**3/6 - 2*j**2 - 1266. Give q(i).
-1
Suppose -9*y = 378 - 1008. Suppose -u + 11*u - y = 0. Let n(a) = 2*a - 10. Determine n(u).
4
Let k(c) = -127*c**2 - 124*c + 2. Let o be k(-1). Let y(u) = 12*u**3 - 4*u**2 - 4*u. Calculate y(o).
-12
Let r(o) = o**3 - 2*o**2 + o + 1. Suppose 7 = 2*l - 15. Let x = -15 + l. Let j be 3 + 2/(-1) - x/2. Calculate r(j).
13
Let u(r) = 2*r - 1. Let f(y) = 12*y - 21. Let a be f(2). Suppose a*m = 10*m + 28. Determine u(m).
-9
Suppose -114*g - 105*g - 657 = 0. Let b(z) be the first derivative of -z**4/4 - 2*z**3 - 3*z**2 - 2*z - 1. What is b(g)?
-11
Suppose 2*y - 25 = -5*r, -y - 3*r = 2*r - 20. Let t(f) = -4477 - f - 2*f**3 + 4472 + f**2 + f**3 - y*f**2. What is t(-4)?
-1
Let t(h) = h - 2. Suppose 30 = -32*v - 67*v - 564. Determine t(v).
-8
Let s be (-1)/(4*(-2)/8). Let c(g) = 29*g**2 + 6*g - 7. Give c(s).
28
Let p(x) be the third derivative of 7*x**6/120 + x**5/60 - x**4/24 - x**3/6 + 8*x**2 + 8*x. Give p(-2).
-51
Let d(h) = h**2 + 749*h - 3020. Let c be d(4). Let k(r) = -r**3 - 9*r**2 - 6*r + 13. Give k(c).
-3
Let y(m) = 46*m**2 + 64*m - 1. Let t(w) = -93*w**2 - 144*w + 2. Let j(d) = -4*t(d) - 9*y(d). Give j(-1).
-41
Suppose 0 = 61*w - 89*w + 224. Suppose 25 = -5*q, 2*y + 4*q = 3*y - 77. Suppose -56*z + w = -y*z. Let b(d) = -d**3 - 7*d**2 + 10*d + 9. What is b(z)?
-7
Let o(n) = -3*n - 1. Let x(a) = -7*a - 2. Let p(u) = 9*o(u) - 4*x(u). Suppose -1943*r = -948*r - 950*r - 405. What is p(r)?
8
Let k(q) = -9*q - 482. Let v(n) = -10*n - 489. Let w(t) = -5*k(t) + 6*v(t). Calculate w(-35).
1
Let w(i) = i**2 + 8*i + 1. Let u be w(-8). Let k(v) be the first derivative of v**3/6 - 34*v - 51. Let d(z) be the first derivative of k(z). What is d(u)?
1
Suppose 4*g - 3*g + 11 = -5*z, -4*z = 12. Suppose -g*w + 20 = 4. Let r(p) = 7*p - p**2 + 11 + 0*p - w + 2. Calculate r(8).
1
Let m be 1*(-7 + (-19)/(76/(-8))). Let g(f) = 2*f**2 + 24*f + 83. What is g(m)?
13
Suppose 7*w = 4*w + 12. Let k be ((-3)/((-18)/w))/(2/24). Let j be (-2 - (-58)/8) + k/(-32). Let m(a) = -a + 4. Give m(j).
-1
Let o be -1*74/(-26) + (-6)/(-39). Let x(t) = -o - 1 - 2*t + 4*t + 0. Let f(b) = -b - 1. Let y be f(-5). Calculate x(y).
4
Let n(h) = -h - 3*